18, -5*s - 85 - 60 = 2*x. Suppose -5*o + 2*c = -280, 6*c = -o + 3*c + 56. Let j = s + o. Calculate the remainder when 73 is divided by j.
23
Suppose 78 = 20*u - 662. What is the remainder when u is divided by 22?
15
Suppose 3*x - 2 = 4. Suppose x*h = -0*h + 10, -4*a = h - 41. What is the remainder when 43 is divided by a?
7
Calculate the remainder when ((-9)/(-9))/(4/188) is divided by 4.
3
Suppose 51 = b - 3*f, 5*b - 279 = -8*f + 11*f. Calculate the remainder when b is divided by 17.
6
Suppose -z - z = -60. Let r = -43 + 102. Calculate the remainder when r is divided by z.
29
Let x(d) = d - 1. Let t(a) = -53*a - 3. Let k(n) = -t(n) + 5*x(n). Calculate the remainder when k(1) is divided by 15.
11
Suppose 3*s = 5 + 1. Suppose b + 5 = 7. What is the remainder when s is divided by b?
0
Calculate the remainder when 153 is divided by -4 - (-67 - 12/6).
23
Suppose 4*a - 3*l = -30 + 1, -2*a = -2*l + 14. Calculate the remainder when 27 is divided by (-1 + 6/a)*-4.
6
Let l(g) = 5*g**2 + 27*g - 8. What is the remainder when -1 + (-4 - (-17 + -3)) is divided by l(-6)?
5
Suppose 4*d = -3*g - 7, -5*d + 4*g = -3*d - 24. Suppose d*r = -7 + 35. What is the remainder when r is divided by 8?
6
Suppose 46 + 14 = 3*i. Suppose -4*u = -2*p + 50, -3*u + 2*u - 15 = 2*p. Let w = 24 + u. What is the remainder when i is divided by w?
9
Suppose 12 = v - 2*s + 2, -5*s = v - 3. Suppose -11*w + v*w = -42. Calculate the remainder when (-10 - -16)/(4/w) is divided by 12.
9
Let g = 183 + -96. Suppose 18*a + g = 21*a. What is the remainder when a is divided by 17?
12
Suppose -31*r + 45*r - 476 = 0. Calculate the remainder when 125 is divided by r.
23
Let k = -31 + 58. Suppose -k*u = -21*u - 12. Let m(f) = f**2 + 4*f. Calculate the remainder when m(-5) is divided by u.
1
Let s be (-30)/(-4)*4/6. Suppose 197 - 677 = -s*a. Calculate the remainder when a is divided by 25.
21
Let j(b) = 8*b + 2. Let f be j(1). Suppose f*a - 36 = a. What is the remainder when a is divided by 4?
0
Let y = 36 - 39. Let n(j) = -3*j**3 - 5*j**2 - 3*j. Suppose -5*x + 64 = -x. Calculate the remainder when n(y) is divided by x.
13
Suppose -7*n = -2*n + 2*a - 172, 2*n + a - 69 = 0. What is the remainder when 96 is divided by n?
28
Let f = 67 - 49. What is the remainder when 52 is divided by f?
16
Let j(i) = 4*i + 26. Suppose 0 = -4*o + 3*o - 2*g, 0 = -3*g. Calculate the remainder when 50 is divided by j(o).
24
Let h(j) = -3*j**3 + 38*j**2 + 15*j + 2. What is the remainder when 52 is divided by h(13)?
24
Let z = -38 - -66. Let n(x) = x**2 + 28*x + 37. What is the remainder when z is divided by n(-27)?
8
Let b = 0 + 5. Suppose 0 = -b*r - 19 - 11. Calculate the remainder when ((-32)/r)/(5/45) is divided by 17.
14
Let g be (-6)/(-27) + (-32)/(-18). Suppose -s = 2*f - 97, 2*s + 4 = -g*s. Calculate the remainder when f is divided by 68/(-2)*2/(-4).
15
Let m = 632 + -508. What is the remainder when m is divided by 43?
38
Suppose 153 = 8*z - 183. What is the remainder when (230/(-30))/(2 + (-86)/z) is divided by 41?
38
Let z(y) = 3 - 16*y - 14*y + 18*y. Calculate the remainder when 52 is divided by z(-2).
25
Let x(r) = -3*r - 12. Suppose 7*w = 9*w + 10. Let d = 23 - 16. What is the remainder when d is divided by x(w)?
1
Suppose 15*x - 16 = 74. Suppose r = -r + x. What is the remainder when 7 is divided by r?
1
Let s be ((-2)/3)/(1/(-3)). Suppose -7*b + 3 + 18 = 0. Suppose b*c + s + 6 = 5*k, -2*c + 16 = 2*k. What is the remainder when 7 is divided by c?
3
Let a be (-1)/(2 - 3) - (-2 - -1). Suppose x = -4*n + 140, 0 = -n + x - a*x + 32. What is the remainder when n is divided by 10?
6
Let t be (6 - 3)*(1 - 0). Let u(y) = y + 15. What is the remainder when 34 is divided by u(t)?
16
Let v(h) be the third derivative of h**6/120 - 7*h**5/60 + h**4/6 - h**3/2 - 15*h**2. Calculate the remainder when v(7) is divided by 9.
7
Suppose 60 = 4*y + 5*o, 4*o + 46 = 3*y + 8*o. Let a(c) = c**3 + 7*c**2 - 11*c - 8. Calculate the remainder when a(-7) is divided by y.
9
Suppose t - 5*o - 3 = 13, -68 = -3*t + 5*o. What is the remainder when 74 is divided by t?
22
Let s(y) = -y**2 - 4*y. Suppose -5 = -3*b + 2*x - 40, -2*b = -2*x + 26. Calculate the remainder when s(-3) is divided by ((-3)/(-1))/(b/(-6)).
1
Let d(c) = -3*c - 28. Let o be d(-12). Suppose o*y = 3*y + 120. What is the remainder when y is divided by 13?
11
Suppose 0 = 77*s - 72*s - 1695. What is the remainder when s is divided by 38?
35
Let z = -63 - -100. Calculate the remainder when 183 is divided by z.
35
Calculate the remainder when 217 is divided by (-3 + 4)*(-5 - -4) - -18.
13
Suppose 6*y - y = 3425. Calculate the remainder when y is divided by 69.
64
What is the remainder when (1 - 11)*(-4 + 3) is divided by 7?
3
Let k(a) = -11*a + 283. What is the remainder when k(7) is divided by 35?
31
Let y be ((-20)/6)/(11/33)*19. Let u = 267 + y. What is the remainder when u is divided by 16?
13
Let z = 89 + -74. Calculate the remainder when 23 is divided by z.
8
Calculate the remainder when (4 + (-4 - -4))/(1/4) is divided by 13.
3
Let v be 15 + 34 - (-2 - 0). Suppose 0 = -53*t + v*t + 154. Calculate the remainder when t is divided by 16.
13
Let u(w) = 12*w**3 + 4 - 13*w**3 + 67 - 4*w. Calculate the remainder when u(0) is divided by 36.
35
Suppose -k - 300 = -6*k. Suppose -3 = -4*p + 17. Suppose 4*z - p*z = -31. What is the remainder when k is divided by z?
29
Let y(x) = -x**2 + 7. Let l be y(5). Suppose -2*p - 5*m = 6, -3*p - 4*m = m + 4. Calculate the remainder when 19 is divided by (p - l)/((-2)/(-1)).
9
Suppose 34*r - 29*r = 35. Calculate the remainder when 15 is divided by r.
1
Suppose 2*c + c = -5*u + 68, u = 5*c + 36. Calculate the remainder when 24 is divided by u.
8
Let g(k) = 4 - 24*k + 22*k + 0. Let q be g(-8). Suppose -3*t - q + 80 = 0. What is the remainder when 78 is divided by t?
18
Suppose -74 - 58 = -6*a. What is the remainder when 34 is divided by a?
12
Calculate the remainder when 78 is divided by 30 - 1/((20/5)/16).
0
Let i(b) = 3*b + 1. Let w = -142 + 84. Let t = -22 - w. Calculate the remainder when t is divided by i(4).
10
What is the remainder when 82 is divided by (-2)/(-20) + (-25140)/(-600)?
40
Suppose 0*g - 36 = -2*g - 3*m, 10 = 5*m. Let w = -264 - -554. Suppose -9*i + w = -4*i. Calculate the remainder when i is divided by g.
13
Let i(p) = p**3 - 5*p**2 + p + 8. Suppose -3*b + 33 = -3*t, -t + 2*t - 17 = -3*b. Calculate the remainder when i(b) is divided by (2*1/((-2)/(-23)))/1.
21
Suppose 3*x = 5*x - 92. What is the remainder when 458 is divided by x?
44
Let i(d) be the third derivative of -d**5/60 + d**4/2 - 13*d**3/6 + d**2. Suppose -3*w + 12 = -18. What is the remainder when 27 is divided by i(w)?
6
Suppose 2*k - 259 = -235. What is the remainder when 21 is divided by k?
9
Let c = -22 - 25. Let t = -32 - c. What is the remainder when 29 is divided by t?
14
Suppose 5*u - 40 - 32 = -v, 0 = 3*v - 4*u - 311. Suppose 19*d - 97 = 93. Calculate the remainder when v is divided by d.
7
Let b = -752 - -1080. Calculate the remainder when b is divided by 30.
28
Let t be (4 - (0 - 0))*1. Suppose -5*p - t = -4*n - 3, -7 = -5*p + 2*n. What is the remainder when 11 is divided by p?
2
Suppose 0 = 4*u + 56 - 260. Let c = 29 + 5. Let i = c - 7. Calculate the remainder when u is divided by i.
24
Suppose -85 = -11*r + 25. What is the remainder when 14 is divided by r?
4
Suppose -52*r + 17078 + 26654 = 0. Calculate the remainder when r is divided by 65.
61
Let z be (44/(-10))/(3/(-15)). Suppose -5*u = -8 - z. Let f = 17 - u. What is the remainder when 32 is divided by f?
10
Let r = -44 + 44. Suppose 3*w - 8*w + 40 = r. Calculate the remainder when -6*(3 - 1 - 4) is divided by w.
4
Suppose 0 = 2*u + u - 2*i - 431, 2*u - 281 = -5*i. Let l = -67 + u. What is the remainder when l is divided by 7?
6
Let p(q) = q + 5. Let k be 8 - 0 - 4/4. Let w = k + -4. What is the remainder when w is divided by p(-3)?
1
Suppose -3*g + 87 = -0*g. Suppose 7*h = 3*h - 4. Let d = h + 16. What is the remainder when g is divided by d?
14
Let w(y) = y**2 - 15*y + 3. Let g(c) = c. Let m(d) = -4*g(d) - w(d). Calculate the remainder when m(7) is divided by 9.
7
Let q = 100 - 94. What is the remainder when 29 is divided by q?
5
Let v = 16 - 16. Let d(u) = -u**2 + u + 52. Calculate the remainder w